isor of 77 and 28.
7
What is the highest common divisor of 250 and 70?
10
What is the greatest common factor of 11 and 11539?
11
What is the greatest common factor of 66 and 17336?
22
Calculate the greatest common divisor of 45 and 615.
15
What is the greatest common factor of 549 and 18?
9
What is the highest common factor of 52 and 2353?
13
Calculate the greatest common divisor of 591 and 5713.
197
Calculate the highest common factor of 799 and 102.
17
Calculate the highest common factor of 28 and 42.
14
What is the greatest common divisor of 38 and 38?
38
Calculate the greatest common divisor of 148 and 44.
4
Calculate the highest common factor of 189 and 108.
27
What is the highest common factor of 7 and 5?
1
Calculate the greatest common factor of 834 and 30441.
417
Calculate the greatest common divisor of 5513 and 149.
149
Calculate the highest common factor of 108 and 300.
12
Calculate the greatest common divisor of 7938 and 135.
27
What is the greatest common factor of 204 and 224?
4
What is the greatest common divisor of 228 and 10716?
228
What is the highest common divisor of 7 and 1015?
7
What is the highest common factor of 990 and 375?
15
Calculate the highest common divisor of 10 and 40.
10
Calculate the greatest common divisor of 16 and 1072.
16
Calculate the highest common factor of 36586 and 22.
22
What is the highest common factor of 510 and 6970?
170
What is the highest common factor of 10087 and 524?
131
Calculate the greatest common divisor of 454 and 14.
2
Calculate the highest common factor of 80 and 340.
20
Calculate the highest common divisor of 4118 and 290.
58
What is the greatest common divisor of 423 and 4606?
47
Calculate the greatest common factor of 4140 and 960.
60
Calculate the greatest common divisor of 2542 and 2914.
62
What is the highest common factor of 19 and 1254?
19
Calculate the highest common factor of 25780 and 40.
20
Calculate the greatest common divisor of 60 and 26790.
30
What is the greatest common divisor of 2628 and 4?
4
Calculate the greatest common factor of 470 and 14.
2
What is the highest common factor of 2660 and 35?
35
What is the greatest common divisor of 2816 and 286?
22
What is the highest common factor of 12 and 124?
4
Calculate the highest common divisor of 675 and 25.
25
Calculate the highest common factor of 11 and 6875.
11
What is the highest common factor of 3512 and 16?
8
Calculate the greatest common divisor of 2750 and 66.
22
What is the highest common factor of 80 and 144?
16
What is the greatest common divisor of 2150 and 150?
50
Calculate the highest common divisor of 5 and 235.
5
What is the greatest common factor of 1886 and 598?
46
What is the highest common divisor of 132 and 220?
44
What is the greatest common divisor of 582 and 6?
6
Calculate the highest common divisor of 150 and 675.
75
Calculate the greatest common factor of 1045 and 55.
55
Calculate the highest common divisor of 969 and 204.
51
Calculate the highest common factor of 391 and 289.
17
What is the greatest common divisor of 1269 and 36?
9
Calculate the highest common divisor of 3670 and 10.
10
What is the greatest common divisor of 132 and 276?
12
What is the highest common factor of 6 and 162?
6
What is the highest common divisor of 232 and 1544?
8
Calculate the highest common factor of 728 and 91.
91
What is the highest common divisor of 10 and 470?
10
Calculate the greatest common factor of 226 and 16046.
226
What is the greatest common divisor of 40 and 770?
10
What is the greatest common factor of 63 and 2979?
9
What is the highest common factor of 216 and 936?
72
Calculate the highest common factor of 40 and 135.
5
Calculate the highest common divisor of 21 and 147.
21
Calculate the highest common divisor of 69 and 9.
3
Calculate the greatest common factor of 53 and 1325.
53
What is the highest common divisor of 48 and 744?
24
What is the highest common divisor of 40 and 90?
10
Calculate the highest common factor of 5446 and 84.
14
Calculate the greatest common factor of 8 and 196.
4
What is the highest common factor of 308 and 3773?
77
What is the greatest common factor of 8675 and 25?
25
Calculate the greatest common divisor of 8 and 44.
4
What is the greatest common factor of 2345 and 7705?
335
Calculate the greatest common divisor of 830 and 10.
10
Calculate the highest common factor of 1696 and 106.
106
What is the greatest common divisor of 29466 and 3?
3
Calculate the highest common divisor of 656 and 128.
16
Calculate the greatest common factor of 190 and 20.
10
Calculate the highest common divisor of 214 and 1177.
107
What is the highest common divisor of 9800 and 14?
14
Calculate the highest common factor of 668 and 28.
4
What is the greatest common divisor of 371 and 159?
53
What is the greatest common divisor of 8 and 488?
8
Calculate the greatest common factor of 697 and 1312.
41
Calculate the greatest common divisor of 2318 and 76.
38
Calculate the highest common divisor of 59 and 3.
1
What is the highest common divisor of 407 and 37?
37
What is the highest common factor of 4053 and 3?
3
What is the highest common factor of 1064 and 896?
56
Calculate the highest common divisor of 182 and 78.
26
Calculate the greatest common divisor of 9 and 531.
9
Calculate the highest common factor of 510 and 51.
51
Calculate the highest common factor of 9160 and 200.
40
What is the greatest common divisor of 80 and 5?
5
Calculate the greatest common factor of 891 and 693.
99
What is the highest common factor of 76 and 4864?
76
Calculate the greatest common factor of 160 and 2740.
20
What is the greatest common divisor of 150 and 48?
6
Calculate the greatest common divisor of 1443 and 1887.
111
Calculate the greatest common divisor of 37 and 481.
37
What is the greatest common divisor of 962 and 26?
26
What is the highest common factor of 38 and 9?
1
Calculate the greatest common divisor of 100 and 16.
4
Calculate the highest common divisor of 1196 and 130.
26
Calculate the highest common factor of 85 and 272.
17
What is the highest common divisor of 6935 and 1140?
95
Calculate the greatest common factor of 87 and 51.
3
Calculate the highest common factor of 488 and 16.
8
Calculate the highest common divisor of 102 and 7922.
34
Calculate the greatest common divisor of 242 and 1738.
22
Calculate the highest common factor of 80 and 170.
10
Calculate the greatest common divisor of 644 and 28.
28
What is the greatest common divisor of 234 and 198?
18
Calculate the highest common factor of 2086 and 149.
149
Calculate the highest common divisor of 112 and 30296.
56
What is the greatest common divisor of 3204 and 9?
9
Calculate the highest common divisor of 27 and 297.
27
Calculate the greatest common divisor of 28 and 604.
4
Calculate the highest common factor of 171 and 183.
3
What is the highest common factor of 6685 and 20?
5
What is the greatest common divisor of 3 and 933?
3
What is the greatest common factor of 2850 and 1995?
285
Calculate the greatest common divisor of 196 and 35.
7
What is the highest common factor of 30 and 165?
15
Calculate the highest common factor of 80 and 64.
16
What is the greatest common factor of 385 and 40?
5
What is the greatest common divisor of 75899 and 71?
71
Calculate the greatest common factor of 432 and 1136.
16
What is the greatest common factor of 14074 and 62?
62
What is the highest common factor of 95 and 32110?
95
What is the greatest common divisor of 208 and 338?
26
Calculate the greatest common divisor of 24 and 156.
12
What is the highest common factor of 2727 and 54?
27
What is the highest common factor of 11270 and 40?
10
What is the greatest common factor of 18 and 4?
2
What is the highest common factor of 18 and 17991?
9
What is the highest common factor of 555 and 2405?
185
Calculate the highest common factor of 46592 and 182.
182
Calculate the greatest common divisor of 308 and 28.
28
Calculate the greatest common factor of 2 and 23.
1
Calculate the highest common factor of 13 and 271.
1
What is the greatest common divisor of 93 and 2139?
93
Calculate the greatest common divisor of 2655 and 18.
9
Calculate the greatest common divisor of 138 and 18699.
69
Calculate the highest common factor of 85 and 17.
17
Calculate the greatest common fac